{"version":"1.0","provider_name":"Daler-Spital","provider_url":"https:\/\/daler.ch\/de\/","title":"Akkreditierung von Dr. Olivier Despond - Daler-Spital","type":"rich","width":600,"height":338,"html":"<blockquote class=\"wp-embedded-content\" data-secret=\"n8FnZFTbKh\"><a href=\"https:\/\/daler.ch\/de\/akkreditierung-von-dr-olivier-despond\/\">Akkreditierung von Dr. Olivier Despond<\/a><\/blockquote><iframe sandbox=\"allow-scripts\" security=\"restricted\" src=\"https:\/\/daler.ch\/de\/akkreditierung-von-dr-olivier-despond\/embed\/#?secret=n8FnZFTbKh\" width=\"600\" height=\"338\" title=\"&#8222;Akkreditierung von Dr. Olivier Despond&#8220; &#8211; Daler-Spital\" data-secret=\"n8FnZFTbKh\" frameborder=\"0\" marginwidth=\"0\" marginheight=\"0\" scrolling=\"no\" class=\"wp-embedded-content\"><\/iframe><script type=\"text\/javascript\">\n\/* <![CDATA[ *\/\n\/*! This file is auto-generated *\/\n!function(d,l){\"use strict\";l.querySelector&&d.addEventListener&&\"undefined\"!=typeof URL&&(d.wp=d.wp||{},d.wp.receiveEmbedMessage||(d.wp.receiveEmbedMessage=function(e){var t=e.data;if((t||t.secret||t.message||t.value)&&!\/[^a-zA-Z0-9]\/.test(t.secret)){for(var s,r,n,a=l.querySelectorAll('iframe[data-secret=\"'+t.secret+'\"]'),o=l.querySelectorAll('blockquote[data-secret=\"'+t.secret+'\"]'),c=new RegExp(\"^https?:$\",\"i\"),i=0;i<o.length;i++)o[i].style.display=\"none\";for(i=0;i<a.length;i++)s=a[i],e.source===s.contentWindow&&(s.removeAttribute(\"style\"),\"height\"===t.message?(1e3<(r=parseInt(t.value,10))?r=1e3:~~r<200&&(r=200),s.height=r):\"link\"===t.message&&(r=new URL(s.getAttribute(\"src\")),n=new URL(t.value),c.test(n.protocol))&&n.host===r.host&&l.activeElement===s&&(d.top.location.href=t.value))}},d.addEventListener(\"message\",d.wp.receiveEmbedMessage,!1),l.addEventListener(\"DOMContentLoaded\",function(){for(var e,t,s=l.querySelectorAll(\"iframe.wp-embedded-content\"),r=0;r<s.length;r++)(t=(e=s[r]).getAttribute(\"data-secret\"))||(t=Math.random().toString(36).substring(2,12),e.src+=\"#?secret=\"+t,e.setAttribute(\"data-secret\",t)),e.contentWindow.postMessage({message:\"ready\",secret:t},\"*\")},!1)))}(window,document);\n\/\/# sourceURL=https:\/\/daler.ch\/wp-includes\/js\/wp-embed.min.js\n\/* ]]> *\/\n<\/script>\n","thumbnail_url":"https:\/\/daler.ch\/wp-content\/uploads\/2017\/07\/presentation2-e1587656867192.jpg","thumbnail_width":1600,"thumbnail_height":500,"description":"Wir informieren Sie \u00fcber die Akkreditierung von Dr. Olivier Despond, Facharzt FMH f\u00fcr An\u00e4sthesiologie und FMH f\u00fcr Intensivmedizin, ab dem 16. August 2021. Nach Abschluss seines Medizinstudiums an der Universit\u00e4t Lausanne im Jahr 1999, erwarb er 2000 und 2002 den [&hellip;]"}

Wir informieren Sie über die Akkreditierung von Dr. Olivier Despond, Facharzt FMH für Anästhesiologie und FMH für Intensivmedizin, ab dem 16. August 2021. Nach Abschluss seines Medizinstudiums an der Universität Lausanne im Jahr 1999, erwarb er 2000 und 2002 den [&hellip;]
